{"id":9,"date":"2017-07-09T20:52:33","date_gmt":"2017-07-09T18:52:33","guid":{"rendered":"http:\/\/bi-sommerfeldsiedlung.de\/?page_id=9"},"modified":"2020-09-20T11:28:15","modified_gmt":"2020-09-20T09:28:15","slug":"ueber-mich","status":"publish","type":"page","link":"http:\/\/bi-sommerfeldsiedlung.de\/?page_id=9","title":{"rendered":"\u00dcber uns"},"content":{"rendered":"<p>Wir sind eine Gruppe von Anwohner*innen, die sich regelm\u00e4\u00dfig treffen, um sich gegenseitig \u00fcber die neuesten Entwicklungen zur Verkehrsplanung in der Sommerfeldsiedlung auf dem Laufenden zu halten.<\/p>\n<p>Unser Ziel ist es, die einzelnen Anwohner*innen zu vernetzen, mit Informationen zu versorgen und ein m\u00f6glichst umfassendes Meinungsbild der Situation vor Ort zu erstellen.<\/p>\n<blockquote><p>\u00bbWir\u00ab, das sind:<\/p><\/blockquote>\n<ul>\n<li>Claudia Blum<\/li>\n<li>Irene Brauneck-Steinacker<\/li>\n<li>Markus Bruns<\/li>\n<li>Rahel Bruns-Witzig<\/li>\n<li>Michael Deekeling<\/li>\n<li>Udo Dittfurth<\/li>\n<li>Gisela Eckardt<\/li>\n<li>Geraldin Fritzsche<\/li>\n<li>Lilo Frohberg-Ludwig<\/li>\n<li>Marion Godau<\/li>\n<li>Thomas Gottschling<\/li>\n<li>Kai Henning<\/li>\n<li>Melanie Henning<\/li>\n<li>Martin Hildebrand-Nilshon<\/li>\n<li>Peter H\u00f6h<\/li>\n<li>Elke Hummel<\/li>\n<li>Erdmann Hummel<\/li>\n<li>Ingeborg Kampelm\u00fcller-Stiller<\/li>\n<li>Harald Keiter<\/li>\n<li>Detlef Klein<\/li>\n<li>Ingrid Klein<\/li>\n<li>Isabelle Koch<\/li>\n<li>Britta Krause<\/li>\n<li>Thomas Krause<\/li>\n<li>Sandra Oppmann<\/li>\n<li>Volker Oppmann<\/li>\n<li>Andr\u00e9 Ostheeren<\/li>\n<li>Sandra Ostheeren<\/li>\n<li>Kerstin Sasse<\/li>\n<li>Wolfgang Sasse<\/li>\n<li>Claudia Seemann<\/li>\n<li>Gunnar Seemann<\/li>\n<li>Andreas Sohre<\/li>\n<li>Anja Sohre<\/li>\n<li>Gretel Sohre<\/li>\n<li>Eva Solecki<\/li>\n<li>Roland Solecki<\/li>\n<li>Max Steinacker<\/li>\n<li>Roland Stiller<\/li>\n<li>Heiner Waldhecker<\/li>\n<\/ul>\n<p>Melden Sie sich gerne, wenn Sie diese Initiative unterst\u00fctzen oder mit auf den Verteiler m\u00f6chten!<\/p>\n<p>Sie k\u00f6nnen uns auch gerne einen Beitrag zur Ver\u00f6ffentlichung auf der Website schicken \u2013 idealerweise als WORD- oder andere Textdatei an <a href=\"mailto:info@bi-sommerfeldsiedlung.de\">info@bi-sommerfeldsiedlung.de<\/a><\/p>\n","protected":false},"excerpt":{"rendered":"<p>Wir sind eine Gruppe von Anwohner*innen, die sich regelm\u00e4\u00dfig treffen, um sich gegenseitig \u00fcber die neuesten Entwicklungen zur Verkehrsplanung in der Sommerfeldsiedlung auf dem Laufenden zu halten. Unser Ziel ist es, die einzelnen Anwohner*innen zu vernetzen, mit Informationen zu versorgen und ein m\u00f6glichst umfassendes Meinungsbild der Situation vor Ort zu erstellen. \u00bbWir\u00ab, das sind: Claudia &hellip; <\/p>\n<p class=\"link-more\"><a href=\"http:\/\/bi-sommerfeldsiedlung.de\/?page_id=9\" class=\"more-link\"><span class=\"screen-reader-text\">\u201e\u00dcber uns\u201c<\/span> weiterlesen<\/a><\/p>\n","protected":false},"author":1,"featured_media":0,"parent":0,"menu_order":0,"comment_status":"closed","ping_status":"closed","template":"","meta":[],"_links":{"self":[{"href":"http:\/\/bi-sommerfeldsiedlung.de\/index.php?rest_route=\/wp\/v2\/pages\/9"}],"collection":[{"href":"http:\/\/bi-sommerfeldsiedlung.de\/index.php?rest_route=\/wp\/v2\/pages"}],"about":[{"href":"http:\/\/bi-sommerfeldsiedlung.de\/index.php?rest_route=\/wp\/v2\/types\/page"}],"author":[{"embeddable":true,"href":"http:\/\/bi-sommerfeldsiedlung.de\/index.php?rest_route=\/wp\/v2\/users\/1"}],"replies":[{"embeddable":true,"href":"http:\/\/bi-sommerfeldsiedlung.de\/index.php?rest_route=%2Fwp%2Fv2%2Fcomments&post=9"}],"version-history":[{"count":21,"href":"http:\/\/bi-sommerfeldsiedlung.de\/index.php?rest_route=\/wp\/v2\/pages\/9\/revisions"}],"predecessor-version":[{"id":365,"href":"http:\/\/bi-sommerfeldsiedlung.de\/index.php?rest_route=\/wp\/v2\/pages\/9\/revisions\/365"}],"wp:attachment":[{"href":"http:\/\/bi-sommerfeldsiedlung.de\/index.php?rest_route=%2Fwp%2Fv2%2Fmedia&parent=9"}],"curies":[{"name":"wp","href":"https:\/\/api.w.org\/{rel}","templated":true}]}}